{"id":521,"date":"2023-03-28T07:17:43","date_gmt":"2023-03-28T05:17:43","guid":{"rendered":"https:\/\/gillet-broc.fr\/?page_id=521"},"modified":"2023-04-11T03:15:33","modified_gmt":"2023-04-11T01:15:33","slug":"politique-de-confidentialite","status":"publish","type":"page","link":"https:\/\/gillet-broc.fr\/index.php\/politique-de-confidentialite\/","title":{"rendered":"Politique de confidentialit\u00e9"},"content":{"rendered":"\t\t<div data-elementor-type=\"wp-page\" data-elementor-id=\"521\" class=\"elementor elementor-521\">\n\t\t\t\t\t\t<section class=\"elementor-section elementor-top-section elementor-element elementor-element-de4b74c elementor-section-boxed elementor-section-height-default elementor-section-height-default\" data-id=\"de4b74c\" data-element_type=\"section\" data-e-type=\"section\">\n\t\t\t\t\t\t<div class=\"elementor-container elementor-column-gap-default\">\n\t\t\t\t\t<div class=\"elementor-column elementor-col-100 elementor-top-column elementor-element elementor-element-3fad888\" data-id=\"3fad888\" data-element_type=\"column\" data-e-type=\"column\">\n\t\t\t<div class=\"elementor-widget-wrap elementor-element-populated\">\n\t\t\t\t\t\t<div class=\"elementor-element elementor-element-78ce46f elementor-widget elementor-widget-heading\" data-id=\"78ce46f\" data-element_type=\"widget\" data-e-type=\"widget\" data-widget_type=\"heading.default\">\n\t\t\t\t<div class=\"elementor-widget-container\">\n\t\t\t\t\t<h2 class=\"elementor-heading-title elementor-size-default\">Mentions l\u00e9gales<\/h2>\t\t\t\t<\/div>\n\t\t\t\t<\/div>\n\t\t\t\t<div class=\"elementor-element elementor-element-2a1773e elementor-widget elementor-widget-text-editor\" data-id=\"2a1773e\" data-element_type=\"widget\" data-e-type=\"widget\" data-widget_type=\"text-editor.default\">\n\t\t\t\t<div class=\"elementor-widget-container\">\n\t\t\t\t\t\t\t\t\t<p>En vigueur au 04\/10\/23<\/p>\n<p>\u00a0<\/p>\n<p>Conform\u00e9ment aux dispositions des Articles 6-III et 19 de la Loi n\u00b02004-575 du 21 juin 2004 pour la Confiance dans l\u2019\u00e9conomie num\u00e9rique, dite L.C.E.N., il est port\u00e9 \u00e0 la connaissance des utilisateurs et visiteurs, ci-apr\u00e8s l\u2019<b>utilisateur<\/b>, du site <span style=\"color: #993300;\"><a style=\"color: #993300;\" href=\"https:\/\/gillet-broc.fr\">https:\/\/gillet-broc.fr<\/a><\/span>, ci-apr\u00e8s le \u00ab\u00a0<b>Site<\/b>\u00ab\u00a0, les pr\u00e9sentes mentions l\u00e9gales.<\/p>\n<p>\u00a0<\/p>\n<p>La connexion et la navigation sur le Site par l\u2019Utilisateur implique acceptation int\u00e9grale et sans r\u00e9serve des pr\u00e9sentes mentions l\u00e9gales.<\/p>\n<p>Ces derni\u00e8res sont accessibles sur le Site \u00e0 la rubrique \u00ab Mentions l\u00e9gales \u00bb.<\/p>\n<p>\u00a0<\/p>\n<h2>ARTICLE 1 &#8211; L&rsquo;EDITEUR<\/h2>\n<p>L\u2019\u00e9dition et la direction de la publication du Site est assur\u00e9e par Fr\u00e9d\u00e9rique GASTAUD, domicili\u00e9e en France.<\/p>\n<p>ci-apr\u00e8s l'\u00a0\u00bb<b>Editeur<\/b>\u00ab\u00a0.<\/p>\n<h1>\u00a0<\/h1>\n<h2>ARTICLE 2 &#8211; L&rsquo;HEBERGEUR<\/h2>\n<p>L&rsquo;h\u00e9bergeur du Site est la soci\u00e9t\u00e9 OVH, dont le si\u00e8ge social est situ\u00e9 \u00e0 Roubaix.<\/p>\n<h1>\u00a0<\/h1>\n<h2>ARTICLE 3 &#8211; ACCES AU SITE<\/h2>\n<p>Le Site est accessible en tout endroit, 7j\/7, 24h\/24 sauf cas de force majeure, interruption programm\u00e9e ou non et pouvant d\u00e9couler d\u2019une n\u00e9cessit\u00e9 de maintenance.<\/p>\n<p>En cas de modification, interruption ou suspension du Site, l&rsquo;Editeur ne saurait \u00eatre tenu responsable.<\/p>\n<p>\u00a0<\/p>\n<h2>ARTICLE 4 &#8211; COLLECTE DES DONNEES<\/h2>\n<p>Le site est exempt\u00e9 de d\u00e9claration \u00e0 la Commission Nationale Informatique et Libert\u00e9s (CNIL) dans la mesure o\u00f9 il ne collecte aucune donn\u00e9e concernant les utilisateurs.<\/p>\n<p>Toute utilisation, reproduction, diffusion, commercialisation, modification de toute ou d\u2019une partie du Site\u00a0sans autorisation de l\u2019Editeur est prohib\u00e9e et pourra entra\u00eener des actions et poursuites judiciaires telles qu\u2019elles sont notamment pr\u00e9vues par le Code de la propri\u00e9t\u00e9 intellectuelle et le Code civil.<\/p>\n<p>\u00a0<\/p>\n<p>\u00a0<\/p>\t\t\t\t\t\t\t\t<\/div>\n\t\t\t\t<\/div>\n\t\t\t\t\t<\/div>\n\t\t<\/div>\n\t\t\t\t\t<\/div>\n\t\t<\/section>\n\t\t\t\t<\/div>\n\t\t","protected":false},"excerpt":{"rendered":"<p>Mentions l\u00e9gales En vigueur au 04\/10\/23 \u00a0 Conform\u00e9ment aux dispositions des Articles 6-III et 19 de la Loi n\u00b02004-575 du 21 juin 2004 pour la Confiance dans l\u2019\u00e9conomie num\u00e9rique, dite L.C.E.N., il est port\u00e9 \u00e0 la connaissance des utilisateurs et visiteurs, ci-apr\u00e8s l\u2019utilisateur, du site https:\/\/gillet-broc.fr, ci-apr\u00e8s le \u00ab\u00a0Site\u00ab\u00a0, les pr\u00e9sentes mentions l\u00e9gales. \u00a0 La [&hellip;]<\/p>\n","protected":false},"author":1,"featured_media":0,"parent":0,"menu_order":0,"comment_status":"closed","ping_status":"closed","template":"","meta":{"footnotes":""},"class_list":["post-521","page","type-page","status-publish","hentry"],"yoast_head":"<!-- This site is optimized with the Yoast SEO plugin v20.6 - https:\/\/yoast.com\/wordpress\/plugins\/seo\/ -->\n<title>Politique de confidentialit\u00e9 - Avocat Gillet-Broc<\/title>\n<meta name=\"robots\" content=\"index, follow, max-snippet:-1, max-image-preview:large, max-video-preview:-1\" \/>\n<link rel=\"canonical\" href=\"https:\/\/gillet-broc.fr\/index.php\/politique-de-confidentialite\/\" \/>\n<meta property=\"og:locale\" content=\"fr_FR\" \/>\n<meta property=\"og:type\" content=\"article\" \/>\n<meta property=\"og:title\" content=\"Politique de confidentialit\u00e9 - Avocat Gillet-Broc\" \/>\n<meta property=\"og:description\" content=\"Mentions l\u00e9gales En vigueur au 04\/10\/23 \u00a0 Conform\u00e9ment aux dispositions des Articles 6-III et 19 de la Loi n\u00b02004-575 du 21 juin 2004 pour la Confiance dans l\u2019\u00e9conomie num\u00e9rique, dite L.C.E.N., il est port\u00e9 \u00e0 la connaissance des utilisateurs et visiteurs, ci-apr\u00e8s l\u2019utilisateur, du site https:\/\/gillet-broc.fr, ci-apr\u00e8s le \u00ab\u00a0Site\u00ab\u00a0, les pr\u00e9sentes mentions l\u00e9gales. \u00a0 La [&hellip;]\" \/>\n<meta property=\"og:url\" content=\"https:\/\/gillet-broc.fr\/index.php\/politique-de-confidentialite\/\" \/>\n<meta property=\"og:site_name\" content=\"Avocat Gillet-Broc\" \/>\n<meta property=\"article:modified_time\" content=\"2023-04-11T01:15:33+00:00\" \/>\n<meta name=\"twitter:card\" content=\"summary_large_image\" \/>\n<meta name=\"twitter:label1\" content=\"Dur\u00e9e de lecture estim\u00e9e\" \/>\n\t<meta name=\"twitter:data1\" content=\"1 minute\" \/>\n<script type=\"application\/ld+json\" class=\"yoast-schema-graph\">{\"@context\":\"https:\/\/schema.org\",\"@graph\":[{\"@type\":\"WebPage\",\"@id\":\"https:\/\/gillet-broc.fr\/index.php\/politique-de-confidentialite\/\",\"url\":\"https:\/\/gillet-broc.fr\/index.php\/politique-de-confidentialite\/\",\"name\":\"Politique de confidentialit\u00e9 - Avocat Gillet-Broc\",\"isPartOf\":{\"@id\":\"https:\/\/gillet-broc.fr\/#website\"},\"datePublished\":\"2023-03-28T05:17:43+00:00\",\"dateModified\":\"2023-04-11T01:15:33+00:00\",\"breadcrumb\":{\"@id\":\"https:\/\/gillet-broc.fr\/index.php\/politique-de-confidentialite\/#breadcrumb\"},\"inLanguage\":\"fr-FR\",\"potentialAction\":[{\"@type\":\"ReadAction\",\"target\":[\"https:\/\/gillet-broc.fr\/index.php\/politique-de-confidentialite\/\"]}]},{\"@type\":\"BreadcrumbList\",\"@id\":\"https:\/\/gillet-broc.fr\/index.php\/politique-de-confidentialite\/#breadcrumb\",\"itemListElement\":[{\"@type\":\"ListItem\",\"position\":1,\"name\":\"Accueil\",\"item\":\"https:\/\/gillet-broc.fr\/\"},{\"@type\":\"ListItem\",\"position\":2,\"name\":\"Politique de confidentialit\u00e9\"}]},{\"@type\":\"WebSite\",\"@id\":\"https:\/\/gillet-broc.fr\/#website\",\"url\":\"https:\/\/gillet-broc.fr\/\",\"name\":\"Le Cabinet GB Avocat\",\"description\":\"Le cabinet GB Avocats est le fruit de l\u2019association de deux avocats, C\u00e9line GILLET et Renaud BROC.  Install\u00e9s sur le Barreau de GRASSE, C\u00e9line GILLET et Renaud BROC ont acquis une solide exp\u00e9rience et d\u00e9fendent les int\u00e9r\u00eats de leurs clients, professionnels ou particuliers, institutions publiques ou priv\u00e9es.\",\"publisher\":{\"@id\":\"https:\/\/gillet-broc.fr\/#organization\"},\"potentialAction\":[{\"@type\":\"SearchAction\",\"target\":{\"@type\":\"EntryPoint\",\"urlTemplate\":\"https:\/\/gillet-broc.fr\/?s={search_term_string}\"},\"query-input\":\"required name=search_term_string\"}],\"inLanguage\":\"fr-FR\"},{\"@type\":\"Organization\",\"@id\":\"https:\/\/gillet-broc.fr\/#organization\",\"name\":\"Le Cabinet GB Avocat\",\"url\":\"https:\/\/gillet-broc.fr\/\",\"logo\":{\"@type\":\"ImageObject\",\"inLanguage\":\"fr-FR\",\"@id\":\"https:\/\/gillet-broc.fr\/#\/schema\/logo\/image\/\",\"url\":\"https:\/\/gillet-broc.fr\/wp-content\/uploads\/2022\/12\/Logo_GB-meilleure-definition-1.png\",\"contentUrl\":\"https:\/\/gillet-broc.fr\/wp-content\/uploads\/2022\/12\/Logo_GB-meilleure-definition-1.png\",\"width\":4068,\"height\":4068,\"caption\":\"Le Cabinet GB Avocat\"},\"image\":{\"@id\":\"https:\/\/gillet-broc.fr\/#\/schema\/logo\/image\/\"}}]}<\/script>\n<!-- \/ Yoast SEO plugin. -->","yoast_head_json":{"title":"Politique de confidentialit\u00e9 - Avocat Gillet-Broc","robots":{"index":"index","follow":"follow","max-snippet":"max-snippet:-1","max-image-preview":"max-image-preview:large","max-video-preview":"max-video-preview:-1"},"canonical":"https:\/\/gillet-broc.fr\/index.php\/politique-de-confidentialite\/","og_locale":"fr_FR","og_type":"article","og_title":"Politique de confidentialit\u00e9 - Avocat Gillet-Broc","og_description":"Mentions l\u00e9gales En vigueur au 04\/10\/23 \u00a0 Conform\u00e9ment aux dispositions des Articles 6-III et 19 de la Loi n\u00b02004-575 du 21 juin 2004 pour la Confiance dans l\u2019\u00e9conomie num\u00e9rique, dite L.C.E.N., il est port\u00e9 \u00e0 la connaissance des utilisateurs et visiteurs, ci-apr\u00e8s l\u2019utilisateur, du site https:\/\/gillet-broc.fr, ci-apr\u00e8s le \u00ab\u00a0Site\u00ab\u00a0, les pr\u00e9sentes mentions l\u00e9gales. \u00a0 La [&hellip;]","og_url":"https:\/\/gillet-broc.fr\/index.php\/politique-de-confidentialite\/","og_site_name":"Avocat Gillet-Broc","article_modified_time":"2023-04-11T01:15:33+00:00","twitter_card":"summary_large_image","twitter_misc":{"Dur\u00e9e de lecture estim\u00e9e":"1 minute"},"schema":{"@context":"https:\/\/schema.org","@graph":[{"@type":"WebPage","@id":"https:\/\/gillet-broc.fr\/index.php\/politique-de-confidentialite\/","url":"https:\/\/gillet-broc.fr\/index.php\/politique-de-confidentialite\/","name":"Politique de confidentialit\u00e9 - Avocat Gillet-Broc","isPartOf":{"@id":"https:\/\/gillet-broc.fr\/#website"},"datePublished":"2023-03-28T05:17:43+00:00","dateModified":"2023-04-11T01:15:33+00:00","breadcrumb":{"@id":"https:\/\/gillet-broc.fr\/index.php\/politique-de-confidentialite\/#breadcrumb"},"inLanguage":"fr-FR","potentialAction":[{"@type":"ReadAction","target":["https:\/\/gillet-broc.fr\/index.php\/politique-de-confidentialite\/"]}]},{"@type":"BreadcrumbList","@id":"https:\/\/gillet-broc.fr\/index.php\/politique-de-confidentialite\/#breadcrumb","itemListElement":[{"@type":"ListItem","position":1,"name":"Accueil","item":"https:\/\/gillet-broc.fr\/"},{"@type":"ListItem","position":2,"name":"Politique de confidentialit\u00e9"}]},{"@type":"WebSite","@id":"https:\/\/gillet-broc.fr\/#website","url":"https:\/\/gillet-broc.fr\/","name":"Le Cabinet GB Avocat","description":"Le cabinet GB Avocats est le fruit de l\u2019association de deux avocats, C\u00e9line GILLET et Renaud BROC.  Install\u00e9s sur le Barreau de GRASSE, C\u00e9line GILLET et Renaud BROC ont acquis une solide exp\u00e9rience et d\u00e9fendent les int\u00e9r\u00eats de leurs clients, professionnels ou particuliers, institutions publiques ou priv\u00e9es.","publisher":{"@id":"https:\/\/gillet-broc.fr\/#organization"},"potentialAction":[{"@type":"SearchAction","target":{"@type":"EntryPoint","urlTemplate":"https:\/\/gillet-broc.fr\/?s={search_term_string}"},"query-input":"required name=search_term_string"}],"inLanguage":"fr-FR"},{"@type":"Organization","@id":"https:\/\/gillet-broc.fr\/#organization","name":"Le Cabinet GB Avocat","url":"https:\/\/gillet-broc.fr\/","logo":{"@type":"ImageObject","inLanguage":"fr-FR","@id":"https:\/\/gillet-broc.fr\/#\/schema\/logo\/image\/","url":"https:\/\/gillet-broc.fr\/wp-content\/uploads\/2022\/12\/Logo_GB-meilleure-definition-1.png","contentUrl":"https:\/\/gillet-broc.fr\/wp-content\/uploads\/2022\/12\/Logo_GB-meilleure-definition-1.png","width":4068,"height":4068,"caption":"Le Cabinet GB Avocat"},"image":{"@id":"https:\/\/gillet-broc.fr\/#\/schema\/logo\/image\/"}}]}},"_links":{"self":[{"href":"https:\/\/gillet-broc.fr\/index.php\/wp-json\/wp\/v2\/pages\/521","targetHints":{"allow":["GET"]}}],"collection":[{"href":"https:\/\/gillet-broc.fr\/index.php\/wp-json\/wp\/v2\/pages"}],"about":[{"href":"https:\/\/gillet-broc.fr\/index.php\/wp-json\/wp\/v2\/types\/page"}],"author":[{"embeddable":true,"href":"https:\/\/gillet-broc.fr\/index.php\/wp-json\/wp\/v2\/users\/1"}],"replies":[{"embeddable":true,"href":"https:\/\/gillet-broc.fr\/index.php\/wp-json\/wp\/v2\/comments?post=521"}],"version-history":[{"count":3,"href":"https:\/\/gillet-broc.fr\/index.php\/wp-json\/wp\/v2\/pages\/521\/revisions"}],"predecessor-version":[{"id":535,"href":"https:\/\/gillet-broc.fr\/index.php\/wp-json\/wp\/v2\/pages\/521\/revisions\/535"}],"wp:attachment":[{"href":"https:\/\/gillet-broc.fr\/index.php\/wp-json\/wp\/v2\/media?parent=521"}],"curies":[{"name":"wp","href":"https:\/\/api.w.org\/{rel}","templated":true}]}}